- 12/(-54). Let j = -14 - -21. Calculate the greatest common divisor of j and l.
7
Suppose -5*q + 5*c = -q - 158, -5*q + 2*c + 206 = 0. Calculate the greatest common divisor of q and 7.
7
Suppose -2*x - 2*s + 11 = -3*s, -2*x - 9 = 3*s. Calculate the greatest common divisor of 15 and x.
3
Suppose -b = 4*b. Suppose 2*q + b*o + o - 34 = 0, 5*o = 3*q - 25. What is the highest common divisor of q and 60?
15
Suppose -4*b + 100 = 5*g, -64 = -2*b + 2*g - g. Let v = -28 - -40. What is the greatest common divisor of b and v?
6
Suppose 0 = -5*f + z + 17 + 5, -2*f + 2*z + 12 = 0. Suppose -f*g - 2*b = -7*g + 2, 4*b - 20 = 0. What is the greatest common divisor of 44 and g?
4
Let q(o) = o**2 - 2*o. Let t be q(4). Suppose 5*s - 13 = -t. What is the highest common divisor of s and 3?
1
Let k = 129 + -128. Calculate the greatest common divisor of 25 and k.
1
Let p(m) = 2*m**2 - 5*m - 14. Let u be p(6). What is the greatest common factor of 140 and u?
28
Let z be (-2 + 1)/(2/(-4)). Let u = 8 - 3. Suppose u*q - 24 = -4*n, 3*q - 17 = -z*n - 3. Calculate the greatest common divisor of n and 2.
1
Let q be (-28)/(-126) + 376/9. What is the highest common factor of q and 28?
14
Let d = 9 + -7. Suppose 0*m = -m + 14. What is the greatest common divisor of d and m?
2
Suppose 2 + 22 = 3*r. Let g = -1 - 19. Let v = g + 24. What is the greatest common divisor of r and v?
4
Suppose -16 = -3*r + 17. Let i be (26/39)/(2 + 263/(-132)). Calculate the greatest common factor of i and r.
11
Let z = -144 - -207. Let l(o) = o**3 - 14*o**2 + 13*o. Let r be l(13). Suppose 2*n + r = -6, -5*b + n + z = 0. Calculate the highest common divisor of 4 and b.
4
Suppose -6*j = -2*j - 24. Suppose j*m - 12 = -0*m. Calculate the greatest common divisor of 2 and m.
2
Let n(j) = -j**2 + 10*j + 13. Let p be n(11). Suppose p*b - 22 = 30. What is the highest common divisor of b and 39?
13
Let b = -8 + 7. Let a(h) = -19*h**3 + 1. Let t be a(b). Let v = 4 - 0. Calculate the greatest common divisor of v and t.
4
Suppose 4*d = 3*r + 2*r - 59, -r = 4*d - 31. Suppose -3*w + 405 = 3*b, 0*b = 5*w - 2*b - 675. What is the greatest common factor of w and r?
15
Suppose 0 = -2*g + 4*g + 4. Let i be 4 - (g + 4) - -10. What is the highest common factor of i and 3?
3
Suppose -5*k + 54 = 2*c, 24 = 3*k - 2*c + 6*c. Calculate the highest common factor of 36 and k.
12
Let p = 4 + 2. Calculate the highest common divisor of 66 and p.
6
Suppose 0 = -4*a - 14 + 46. Let s = 5 - -1. Suppose b + 0*b + 4*y = 0, 2*b - s = -5*y. Calculate the greatest common factor of a and b.
8
Suppose 3*x = 5*w - 0*w + 10, -5*x = -4*w - 8. Suppose -4*j + 10 - 2 = x. Let d be (0 + j/(-4))*-2. What is the greatest common factor of d and 1?
1
Let u = 31 - 23. What is the highest common factor of u and 8?
8
Let h be 2 + ((-3)/(-2))/(4/8). Suppose 34 = -4*m + 8*m - 2*c, -2*c - 16 = -2*m. Let f = m - 4. What is the highest common factor of f and h?
5
Let g(m) = 2*m**3 + 2*m**2 - m. Let z be g(-2). Let i be z/9 - (-204)/9. Suppose 4*n = i - 2. Calculate the highest common factor of n and 55.
5
Let i(a) = -a + 1. Let n be i(-2). Suppose 0*z + 6 = n*z. What is the greatest common factor of z and 2?
2
Let o be -2 + 31 - 2/(-2). Let l be 6/(-4) + 99/(-22). Let f be (-32)/l - (-16)/24. What is the highest common factor of o and f?
6
Suppose w = -w + 8. Suppose w*m + 3*t - 132 = 0, 4*m + 0*t = -t + 124. Suppose -4*x + m = x. What is the highest common divisor of 3 and x?
3
Let m(v) be the second derivative of -v**3/2 + 3*v**2/2 + 3*v. Suppose p - 15 = 6*p. Let f be m(p). What is the highest common divisor of 60 and f?
12
Suppose 0 = -4*z - 3*q + 126, 0 = -3*z + 4*z + 5*q - 23. Suppose -x + 6 = -7. Let o be 1 + x + 1 + -4. Calculate the highest common factor of z and o.
11
Suppose w + 357 = 4*m, -2*m + 68 = -m + 4*w. Let g be 0 - -13 - (-1 + 3). Calculate the highest common factor of m and g.
11
Suppose 4*d - 2*d = 44. Let v(s) = s**2 + 7*s - 5. Let y be v(5). What is the greatest common divisor of d and y?
11
Suppose 0 = 5*y - 77 - 113. What is the highest common factor of 76 and y?
38
Suppose 0 = -3*g + 13 + 23. Suppose 3*d + l = 59 + 85, 5*d - 3*l - 240 = 0. What is the highest common factor of g and d?
12
Let h = 20 - 7. Let b be 2/(-3)*-177 + -1. What is the greatest common factor of b and h?
13
Let m(p) = -2*p - 4. Let v be m(-4). Suppose 3*a + 4*t - 42 = 0, -46 = -v*a - 3*t + t. What is the highest common factor of 25 and a?
5
Suppose 2*m - 4 = 4*m. Let j = 9 - m. What is the highest common divisor of j and 33?
11
Let d be ((-15)/(-6))/(2/32). Let b be 30*((15 - 16) + 5/3). Calculate the greatest common divisor of d and b.
20
Let o(u) = 12*u + 12. Let d be o(8). Calculate the greatest common factor of d and 12.
12
Suppose 15 = -2*t + 35. Let k be t/25 - 36/(-10). Suppose 0 = k*u + 3*r - 17, 2*r + r = -u - 7. Calculate the greatest common divisor of u and 8.
8
Suppose -2*g - 2 = 5*i, -3*g + 5*i + 22 + 0 = 0. Suppose -2*a = -5*b - 129, a - 32 = 5*b + 95. Let o = b + 35. What is the highest common factor of g and o?
2
Suppose -3*t - 5*v + 4 = 5, 0 = 2*v + 10. Let s = 3 + 0. Suppose 2*u - 290 = -4*x + s*u, -u - 146 = -2*x. Calculate the greatest common factor of x and t.
8
Suppose 33 + 12 = 5*g. Suppose 0 = -5*m - 3*p + 189, 0 = -3*m + 2*p + 2*p + 125. Let c = 33 + m. Calculate the highest common divisor of g and c.
9
Let p = 9 - 4. Let o = p + -3. Suppose -o*c = 3*c - 175. Calculate the greatest common divisor of 7 and c.
7
Suppose 234 = x - 6. Calculate the greatest common factor of 96 and x.
48
Let f(w) = w**3 + 5*w**2 - 4*w - 2. Let p be f(-5). Suppose -2*v + 396 = -0*v. What is the highest common divisor of p and v?
18
Suppose 8*c + 270 = 26*c. Let h = 11 - 4. Let w be 2/h - (-206)/14. Calculate the greatest common factor of c and w.
15
Suppose -3*g - 73 - 574 = -5*y, 4*g - 4 = 0. Let h(s) = s**3 + 17*s**2 - 22*s - 20. Let o be h(-18). Calculate the highest common factor of o and y.
26
Let d(p) = -3*p**3 - 4 - 7*p + 2*p + 4*p**3 + 8*p**2. Let t be d(-4). Let h(l) = -6*l - 4. Let k be h(-6). What is the greatest common divisor of k and t?
16
Suppose 0*m = m - 17. Suppose 15*z = 7*z + 816. What is the greatest common factor of z and m?
17
Let g = -1 - -3. Suppose v = -t + 4*t - 11, 9 = g*t + v. Suppose -j - 42 = -t*j. Calculate the highest common factor of 7 and j.
7
Let x = -7 + 12. Let v = x + -3. Calculate the highest common divisor of v and 2.
2
Suppose -a - 2*a - 13 = 4*s, s = -2*a - 2. Let b be (3/2)/(3/6). What is the greatest common divisor of a and b?
1
Suppose -4 = -5*j + k + 6, 2*j - 5*k + 19 = 0. Suppose 5*v = -t + 37, t + 3*t + j*v - 80 = 0. Calculate the greatest common divisor of 119 and t.
17
Let o(z) = -z + 2. Let g be o(-1). What is the greatest common factor of 9 and g?
3
Let q = 17 - 12. What is the greatest common divisor of 10 and q?
5
Let r(b) = 2 + 28*b - 1 + 14*b. Let t be r(6). What is the highest common divisor of 23 and t?
23
Let c(a) = 12*a - 2. Let w be c(8). Let j = w + -10. Calculate the highest common factor of 12 and j.
12
Suppose -42 = -5*m + 5*i + 13, -i = -3*m + 35. What is the greatest common divisor of m and 18?
6
Let v be (-1779)/(-9) + 1/3. What is the highest common divisor of 22 and v?
22
Suppose 30 - 1680 = -11*c. What is the highest common divisor of 100 and c?
50
Let h(m) = 5*m**3 - 2*m**2 + 1. Let s be h(1). Suppose -3*w = 4*q - 64, -4*q + 64 = -0*q + s*w. What is the highest common factor of q and 80?
16
Suppose 0 = -0*r - 2*r - 4, -165 = 5*f + 5*r. Let b = f + 66. Calculate the greatest common factor of 5 and b.
5
Let y = 76 + -22. What is the greatest common factor of 27 and y?
27
Let h be 74/(-4)*-2 - -3. What is the highest common factor of 5 and h?
5
Let c be -13 + 14 + (-1 - -4). Calculate the greatest common divisor of 100 and c.
4
Let z(a) = -19*a - 2. Let p be z(-6). What is the highest common divisor of p and 16?
16
Let j(l) = 42*l. Let x be j(-1). Let a be (-3426)/x + 8/(-14). Calculate the greatest common divisor of a and 27.
27
Suppose 4*c - 47 - 25 = 0. What is the highest common divisor of c and 27?
9
Let b be ((-10)/(-8))/(9/612). What is the greatest common factor of 5 and b?
5
Let r be (-37 - 0)/(1 - 2). What is the greatest common factor of r and 333?
37
Let w(p) = -p**2 + 23*p + 